157*k - 491. Calculate z(-3).
1150
Let n(r) = -8760*r + 20727. Determine n(2).
3207
Let s(x) = 341683*x + 683373. What is s(-2)?
7
Let a(p) = -3*p**3 + 10*p**2 + 69*p - 389. What is a(9)?
-1145
Let b(c) = -716*c + 10807. Determine b(16).
-649
Let f(l) = -305318*l - 305362. What is f(-1)?
-44
Let r(o) = -3840*o - 138724. Calculate r(-36).
-484
Let o(p) = -p**3 - 137*p**2 - 3344*p - 46. Determine o(-105).
-1726
Let l(j) = -1282*j + 206458. Give l(161).
56
Let h(p) = 589*p**2 - 65382*p + 216. What is h(111)?
-117
Let x(g) = g**3 + 255*g**2 - 6129*g + 487. Determine x(22).
-283
Let g(h) = 10*h**2 + 8107*h - 254822. What is g(-841)?
1
Let v(t) = 2*t**2 - 31734. Calculate v(126).
18
Let x(n) = -n**3 - 324*n**2 - 630*n + 4513. What is x(-322)?
5
Let m(s) = -3994*s - 635046. Calculate m(-159).
0
Let r(g) = -63*g**2 + 15*g - 70. Give r(2).
-292
Let v(a) = 24*a**2 + 24798*a + 294117. Give v(-12).
-3
Let x(i) = 22986*i + 597896. Calculate x(-26).
260
Let i(k) = 11*k**3 - 186*k**2 + 2424*k - 41501. What is i(17)?
-4
Let v(a) = 2*a**3 - 14*a**2 - 184*a + 18. Determine v(-9).
-918
Let g(w) = -12618*w - 1488810. Calculate g(-118).
114
Let z(d) = -98*d**3 + 9*d**2 - 88*d + 79. Determine z(1).
-98
Let g(o) = 3*o**3 + 23*o**2 - 136*o + 10. Calculate g(4).
26
Let m(x) = x**3 - 94*x**2 - 1551*x + 145919. Calculate m(94).
125
Let l(z) = -z**2 + 2124*z - 69152. What is l(33)?
-149
Let s(x) = 1206*x - 152. Give s(1).
1054
Let q(r) = 109*r**2 - 777*r + 1328. Give q(3).
-22
Let f(h) = -h**3 - 50*h**2 + 394*h + 17189. Determine f(-51).
-304
Let c(m) = -3*m**2 + 65*m + 3193. What is c(-35)?
-2757
Let r(m) = -391424*m + 2348526. Calculate r(6).
-18
Let j(w) = w**2 - 4753*w - 1057754. Give j(-213).
4
Let g(q) = -442*q + 15890. Calculate g(35).
420
Let q(j) = 590*j - 1221. Determine q(3).
549
Let t(z) = -z**3 - 10*z**2 - 4565*z - 54506. Determine t(-12).
562
Let b(m) = -2*m**3 - 14*m**2 + 66*m - 178. Determine b(0).
-178
Let u(q) = 27519*q + 742961. Give u(-27).
-52
Let n(c) = 3*c**2 - 186*c - 2664. Give n(-12).
0
Let c(p) = p**3 - 5*p**2 + 928*p - 6586. Determine c(7).
8
Let x(p) = p**3 + 33*p**2 + 21*p - 329. What is x(-32)?
23
Let f(c) = 315*c**2 + 96*c - 8. Determine f(-2).
1060
Let l(c) = 267588*c - 4013817. What is l(15)?
3
Let o(l) = -l**2 + 727*l + 1488. Give o(-2).
30
Let x(w) = w**2 + 52*w - 8681. Give x(67).
-708
Let n(d) = 8306*d - 99810. Calculate n(12).
-138
Let n(r) = -9362*r**2 + 9293*r. What is n(1)?
-69
Let y(s) = -14*s**2 + 2570*s - 1546. What is y(183)?
-82
Let a(g) = -g**2 + 87890*g - 527302. Give a(6).
2
Let f(v) = -847*v - 13277. What is f(-21)?
4510
Let m(f) = f**2 - 354*f + 25116. Give m(249).
-1029
Let n(q) = -2*q**3 + 268*q**2 + 326*q - 7741. Give n(135).
-181
Let j(n) = -13*n**2 + 1750*n + 375. Give j(135).
-300
Let q(a) = 33*a + 1339. Determine q(-20).
679
Let x(l) = -7*l**3 + 9*l**2 - 43*l + 73. What is x(4)?
-403
Let p(b) = -29*b**2 - 625*b + 596. Give p(-23).
-370
Let h(w) = -2*w**2 - 250*w - 2012. Calculate h(-115).
288
Let d(h) = 150*h - 296. Give d(-9).
-1646
Let s(d) = -2*d**3 + 733*d**2 + 38394*d + 6184. Determine s(413).
-11
Let u(r) = -26*r**2 - 912*r + 16132. Calculate u(-48).
4
Let v(r) = 125839*r - 5536911. Give v(44).
5
Let c(q) = -162*q**3 + 5*q**2 - 183*q + 365. What is c(2)?
-1277
Let q(l) = -1029*l + 8691. What is q(8)?
459
Let h(v) = -v**3 + 1954*v**2 + 139582*v - 348. Determine h(-69).
-3
Let a(o) = -13164*o - 53363. Calculate a(-4).
-707
Let i(n) = -6*n**3 + 4*n**2 + 21*n + 8. What is i(-2)?
30
Let n(m) = -87*m**3 - 149*m**2 - 7*m - 113. Give n(-2).
1
Let y(b) = -3991*b - 28061. Give y(-7).
-124
Let z(w) = w**2 + 739*w + 89224. What is z(-152)?
0
Let v(o) = 707032*o - 2121107. What is v(3)?
-11
Let a(r) = r**2 - 38285*r - 153150. Give a(-4).
6
Let x(a) = 2565*a - 18033. Give x(7).
-78
Let t(s) = s**3 + 507*s**2 + 3501*s + 9. Give t(-7).
2
Let i(m) = -26*m**2 - 103*m + 219. Calculate i(4).
-609
Let r(j) = 2*j**3 - 265*j**2 - 387*j - 2056. What is r(134)?
-46
Let c(q) = -q**3 - 43*q**2 - 131*q - 7697. Give c(-44).
3
Let f(o) = o**2 - 8*o - 456. Give f(23).
-111
Let o(s) = -21*s + 2265. Calculate o(103).
102
Let x(a) = 15*a**2 - 18*a + 19. What is x(1)?
16
Let l(f) = 827*f - 73304. Give l(89).
299
Let m(u) = u**2 - 685*u + 90688. What is m(179)?
114
Let o(i) = i**3 + 160*i**2 - 7*i - 75065. Calculate o(-157).
-19
Let z(f) = -2*f**2 - 42*f + 692. Calculate z(12).
-100
Let n(b) = 37970*b**2 - 113910*b - 5. Give n(3).
-5
Let j(l) = -659*l**2 - 104033*l + 14050. Give j(-158).
-12
Let z(v) = -1126*v - 77648. Determine z(-69).
46
Let f(a) = 5560*a - 1145355. Give f(206).
5
Let k(a) = 14*a**2 - 2227*a - 1487. What is k(160)?
593
Let j(i) = -6*i**3 - 6870*i**2 + 6865*i + 7. Calculate j(1).
-4
Let o(l) = -l**2 - 63*l + 1569. What is o(-82)?
11
Let b(o) = 106*o**2 - 150*o + 304. Calculate b(2).
428
Let c(y) = -7*y**2 - 313*y + 124740. Calculate c(113).
-12
Let u(h) = -1970*h + 42833. What is u(22)?
-507
Let d(q) = 528*q + 78640. What is d(-149)?
-32
Let b(c) = c**3 - 51*c**2 - 409*c - 485. Calculate b(-6).
-83
Let k(p) = -440*p - 17979. Determine k(-41).
61
Let n(r) = 2*r**2 + 29*r - 786. What is n(-27)?
-111
Let d(u) = u**3 - 35*u**2 + 24*u - 659. What is d(35)?
181
Let j(c) = -2556*c + 812862. Calculate j(318).
54
Let l(s) = -708*s + 136472. Give l(193).
-172
Let z(m) = -322*m - 13549. Determine z(-42).
-25
Let s(f) = f**2 + 273*f - 19144. Calculate s(57).
-334
Let u(a) = a**3 + 456*a**2 + 783*a + 357041. Give u(-456).
-7
Let o(t) = 1962152*t - 3924302. Give o(2).
2
Let x(f) = -5*f**3 - 5*f**2 + 137*f + 129. Calculate x(7).
-872
Let a(y) = 2*y**2 - 247*y - 7824. What is a(-27)?
303
Let v(n) = 359034*n - 10411991. What is v(29)?
-5
Let m(f) = f**2 - 456*f + 20012. Give m(55).
-2043
Let p(n) = -2325*n + 95320. Determine p(41).
-5
Let l(h) = -694*h**2 + 16009*h + 8. What is l(23)?
1089
Let l(m) = 2*m**2 - 1424*m - 36280. What is l(-25)?
570
Let p(k) = -2*k**2 + 24*k + 1286. Give p(-41).
-3060
Let n(j) = 237*j - 2714. Calculate n(12).
130
Let a(n) = n**2 + 7*n - 3693. What is a(0)?
-3693
Let z(r) = -5914*r + 59159. What is z(10)?
19
Let z(y) = 46*y**2 - 9430*y. What is z(205)?
0
Let b(g) = 4633*g + 852475. Determine b(-184).
3
Let q(w) = -4*w**3 + 45*w**2 - 1371*w + 16924. Calculate q(12).
40
Let w(s) = 1236*s + 166847. What is w(-135)?
-13
Let k(l) = 49*l**2 - 7021*l + 15777. Calculate k(141).
-15
Let m(b) = -862*b**2 - 19851*b - 368. Determine m(-23).
207
Let w(n) = 710*n + 220623. What is w(-311)?
-187
Let z(v) = -149*v**3 - 52*v**2 - 77*v + 64. Give z(-2).
1202
Let m(i) = 34*i**3 + 1834*i**2 - 106*i + 121. What is m(-54)?
13
Let g(x) = x**3 - 8*x**2 - 195*x - 268. What is g(15)?
-1618
Let p(d) = -d**3 + 48*d**2 + 1770*d - 71198. Give p(31).
9
Let h(v) = 40154*v - 1003833. Give h(25).
17
Let g(j) = 9*j**3 + 1015*j**2 - 255*j - 3275. Determine g(-113).
2
Let n(v) = -91021*v - 91019. Give n(-1).
2
Let m(v) = 10*v**2 - 550*v - 3870. Calculate m(-7).
470
Let v(t) = -78160*t + 25. Give v(0).
25
Let i(z) = 3*z**2 + 655*z + 6460. What is i(-209)?
608
Let u(a) = 1745*a + 200673. Calculate u(-115).
-2
Let x(d) = -3*d**2 - 4808*d + 157055. Determine x(32).
127
Let l(x) = 249904*x + 4248362. What is l(-17)?
-6
Let j(r) = -81*r**3 - 8744*r**2 + 428*r - 175. What is j(-108)?
257
Let c(h) = -4*h**2 - 141*h + 17447. Calculate c(-86).
-11
Let i(x) = 448*x**2 + 4058*x + 71. Determine i(-9).
-163
Let w(q) = 1450*q**2 - 92811*q + 714. Determine w(64).
10
Let u(p) = p**2 + 430*p - 2575. Calculate u(6).
41
Let u(v) = -52*v**2 - 2020*v + 300. Determine u(-39).
-12
Let n(l) = l**3 - 32*l**2 - 141*l + 1198. Calculate n(35).
-62
Let y(c) = c**2 + 1328*c + 36490. Calculate y(-27).
1363
Let s(n) = -1765*n - 139789. Determine s(-79).
-354
Let n(c) = 2*c**3 + 25*c**2 + 55*c - 36. Calculate n(-13).
-920
Let q(o) = 154*o**2 - 319*o + 957. Give q(3).
1386
Let c(g) = 274*g + 2215. Give c(-6).
571
Let q(z) = z**3 - 594*z**2 - 473*z - 428508. Calculate q(596).
16
Let h(r) = -4*r**2 + 109*r + 913. What is h(-7)?
-46
Let s(z) = 27410*z - 179. Calculate s(0).
-179
Let n(h) = 879*h + 60432. Determine n(-69).
-219
Let i(l) = 6*l**3 - 290*l**2 + 102*l - 244. Calculate i(48).
44
Let h(k) = -3*k**2 - 16*k + 99. Give h(4).
-13
Let c(m) = 56*m**2 - 210*m - 475. Determine c(6